he prime factors of 4106889?
3, 37, 4111
What are the prime factors of 24861982?
2, 53, 234547
List the prime factors of 177612.
2, 3, 19, 41
What are the prime factors of 30789451?
7, 11, 281, 1423
What are the prime factors of 60228?
2, 3, 7, 239
What are the prime factors of 31957508?
2, 11, 726307
What are the prime factors of 5270189?
239, 22051
List the prime factors of 15791215.
5, 11, 17, 16889
List the prime factors of 143142.
2, 3, 23857
List the prime factors of 270885.
3, 5, 18059
What are the prime factors of 78844?
2, 23, 857
What are the prime factors of 5847113?
5847113
What are the prime factors of 88485?
3, 5, 17, 347
List the prime factors of 2491364.
2, 103, 6047
What are the prime factors of 1576296?
2, 3, 21893
List the prime factors of 116575.
5, 4663
What are the prime factors of 621814?
2, 73, 4259
List the prime factors of 436305.
3, 5, 17, 29, 59
List the prime factors of 5277990.
2, 3, 5, 17, 79, 131
List the prime factors of 150743.
150743
What are the prime factors of 33496528?
2, 13, 17, 9473
What are the prime factors of 416267?
547, 761
List the prime factors of 1828975.
5, 149, 491
What are the prime factors of 2192323?
7, 107, 2927
What are the prime factors of 2888033?
1283, 2251
What are the prime factors of 516443?
17, 1787
What are the prime factors of 109055?
5, 17, 1283
List the prime factors of 13752841.
59, 257, 907
List the prime factors of 397107.
3, 44123
What are the prime factors of 93794?
2, 23, 2039
What are the prime factors of 9183899?
9183899
List the prime factors of 9201215.
5, 953, 1931
List the prime factors of 21401548.
2, 7, 764341
List the prime factors of 415953.
3, 113, 409
What are the prime factors of 1067681?
41, 26041
List the prime factors of 1917121.
1917121
What are the prime factors of 887786?
2, 443893
List the prime factors of 1012635.
3, 5, 13, 577
What are the prime factors of 190702?
2, 97, 983
What are the prime factors of 13781999?
7, 11, 178987
List the prime factors of 5192801.
5192801
List the prime factors of 1494317.
11, 17, 61, 131
What are the prime factors of 267324?
2, 3, 22277
List the prime factors of 15495636.
2, 3, 13, 17, 5843
List the prime factors of 701186.
2, 350593
List the prime factors of 8772689.
71, 157, 787
What are the prime factors of 657267?
3, 13, 19, 887
List the prime factors of 18336800.
2, 5, 22921
What are the prime factors of 52674?
2, 3, 8779
What are the prime factors of 13607100?
2, 3, 5, 13, 1163
List the prime factors of 8021434.
2, 23, 103, 1693
List the prime factors of 1392972.
2, 3, 7, 23, 103
What are the prime factors of 5607382?
2, 11, 17, 29, 47
What are the prime factors of 1396?
2, 349
What are the prime factors of 2106348?
2, 3, 191, 919
What are the prime factors of 543163?
543163
List the prime factors of 1058153.
1058153
What are the prime factors of 298861?
298861
What are the prime factors of 5139375?
3, 5, 2741
What are the prime factors of 6699994?
2, 7, 478571
List the prime factors of 350559.
3, 11, 3541
List the prime factors of 919398.
2, 3, 31, 4943
What are the prime factors of 10089849?
3, 7, 11, 31, 1409
List the prime factors of 882872.
2, 110359
What are the prime factors of 4468308?
2, 3, 13, 28643
What are the prime factors of 176461?
176461
List the prime factors of 1024594.
2, 19, 59, 457
List the prime factors of 500344.
2, 13, 17, 283
List the prime factors of 651952.
2, 7, 5821
What are the prime factors of 1720911?
3, 573637
What are the prime factors of 420951?
3, 140317
What are the prime factors of 372970?
2, 5, 13, 19, 151
What are the prime factors of 247203?
3, 11, 227
What are the prime factors of 4122245?
5, 17, 48497
What are the prime factors of 28905176?
2, 191, 18917
List the prime factors of 928115.
5, 17, 61, 179
List the prime factors of 3811033.
97, 101, 389
What are the prime factors of 511802?
2, 17, 15053
What are the prime factors of 31078462?
2, 15539231
What are the prime factors of 375983?
375983
What are the prime factors of 11097904?
2, 693619
List the prime factors of 19477195.
5, 83, 46933
What are the prime factors of 198203?
17, 89, 131
List the prime factors of 3015012.
2, 3, 7, 11, 13, 251
What are the prime factors of 1122993?
3, 124777
List the prime factors of 503443.
19, 26497
What are the prime factors of 12535671?
3, 59, 70823
List the prime factors of 15295155.
3, 5, 17, 59981
What are the prime factors of 4229357?
11, 384487
What are the prime factors of 7882678?
2, 1129, 3491
List the prime factors of 8689207.
31, 280297
List the prime factors of 1600771.
17, 29, 191
List the prime factors of 4498188.
2, 3, 374849
List the prime factors of 14036960.
2, 5, 7, 83, 151
What are the prime factors of 540512?
2, 7, 19, 127
What are the prime factors of 962907?
3, 11, 29179
What are the prime factors of 1311348?
2, 3, 109279
What are the prime factors of 133729?
173, 773
What are the prime factors of 2994258?
2, 3, 79, 6317
List the prime factors of 124267.
11, 13, 79
List the prime factors of 109912.
2, 11, 1249
List the prime factors of 128996.
2, 7, 17, 271
List the prime factors of 39816.
2, 3, 7, 79
List the prime factors of 528169.
43, 71, 173
List the prime factors of 3325048.
2, 415631
What are the prime factors of 250898?
2, 331, 379
List the prime factors of 321712.
2, 20107
What are the prime factors of 64240?
2, 5, 11, 73
What are the prime factors of 425198?
2, 29, 7331
What are the prime factors of 374601?
3, 23, 61, 89
What are the prime factors of 672880?
2, 5, 13, 647
List the prime factors of 2573477.
17, 151381
List the prime factors of 4506929.
7, 643847
List the prime factors of 6261.
3, 2087
What are the prime factors of 4227099?
3, 1409033
What are the prime factors of 740981?
19, 59, 661
What are the prime factors of 15215374?
2, 17, 23, 19457
List the prime factors of 5665425.
3, 5, 75539
What are the prime factors of 218400?
2, 3, 5, 7, 13
List the prime factors of 216109.
197, 1097
What are the prime factors of 5801289?
3, 13, 19, 7829
List the prime factors of 4095745.
5, 819149
What are the prime factors of 9507682?
2, 4753841
List the prime factors of 3313846.
2, 151, 10973
List the prime factors of 20434168.
2, 2554271
List the prime factors of 5316517.
67, 73, 1087
List the prime factors of 390127.
19, 20533
What are the prime factors of 306916?
2, 277
List the prime factors of 414577.
414577
List the prime factors of 296596.
2, 74149
List the prime factors of 6084440.
2, 5, 152111
What are the prime factors of 912023?
7, 113, 1153
What are the prime factors of 12221737?
11, 1111067
List the prime factors of 68095.
5, 13619
List the prime factors of 399086.
2, 383, 521
What are the prime factors of 86285?
5, 17257
What are the prime factors of 758796?
2, 3, 37, 1709
List the prime factors of 2412008.
2, 301501
List the prime factors of 1046381.
7, 83, 1801
What are the prime factors of 30093189?
3, 7, 131, 10939
What are the prime factors of 20988380?
2, 5, 7, 197, 761
List the prime factors of 93664.
2, 2927
What are the prime factors of 376586?
2, 7, 37, 727
List the prime factors of 1412910.
2, 3, 5, 5233
List the prime factors of 12372.
2, 3, 1031
What are the prime factors of 765615?
3, 5, 43, 1187
What are the prime factors of 11787890?
2, 5, 761, 1549
What are the prime factors of 337096?
2, 29, 1453
List the prime factors of 10904.
2, 29, 47
List the prime factors of 150436.
2, 11, 13, 263
What are the prime factors of 3801615?
3, 5, 19, 13339
List the prime factors of 2440802.
2, 7, 13, 13411
List the prime factors of 200080.
2, 5, 41, 61
List the prime factors of 9052437.
3, 29, 67, 1553
What are the prime factors of 8588089?
29, 43, 71, 97
What are the prime factors of 3714274?
2, 433, 4289
List the prime factors of 1082833.
47, 23039
List the prime factors of 3737186.
2, 19, 98347
List the prime factors of 650129.
271, 2399
What are the prime factors of 3206938?
2, 7, 37, 41, 151
What are the prime factors of 268800?
2, 3, 5, 7
List the prime factors of 2003261.
13, 154097
What are the prime factors of 32809926?
2, 3, 199, 27479
What are the prime factors of 14279429?
61, 234089
What are the prime factors of 527420?
2, 5, 26371
List the prime factors of 25291.
7, 3613
List the prime factors of 895658.
2, 447829
Wh